actors of 78804?
2, 3, 11, 199
List the prime factors of 14548.
2, 3637
List the prime factors of 31485.
3, 5, 2099
List the prime factors of 124221.
3, 47, 881
List the prime factors of 78098.
2, 17, 2297
List the prime factors of 90640.
2, 5, 11, 103
What are the prime factors of 1941?
3, 647
List the prime factors of 3436.
2, 859
What are the prime factors of 8619?
3, 13, 17
What are the prime factors of 3250?
2, 5, 13
What are the prime factors of 2861?
2861
List the prime factors of 524.
2, 131
List the prime factors of 46431.
3, 7, 11, 67
List the prime factors of 495.
3, 5, 11
What are the prime factors of 1096?
2, 137
List the prime factors of 581.
7, 83
List the prime factors of 134.
2, 67
What are the prime factors of 1211?
7, 173
List the prime factors of 874.
2, 19, 23
List the prime factors of 9096.
2, 3, 379
List the prime factors of 94757.
13, 37, 197
List the prime factors of 375.
3, 5
List the prime factors of 3929.
3929
List the prime factors of 3800.
2, 5, 19
List the prime factors of 2274.
2, 3, 379
What are the prime factors of 78003?
3, 107
List the prime factors of 1746.
2, 3, 97
What are the prime factors of 2883?
3, 31
What are the prime factors of 201?
3, 67
List the prime factors of 40698.
2, 3, 7, 17, 19
What are the prime factors of 92692?
2, 23173
What are the prime factors of 38351?
38351
What are the prime factors of 804?
2, 3, 67
List the prime factors of 55971.
3, 691
List the prime factors of 51741.
3, 5749
List the prime factors of 332.
2, 83
What are the prime factors of 1776?
2, 3, 37
What are the prime factors of 14836?
2, 3709
List the prime factors of 21310.
2, 5, 2131
What are the prime factors of 37978?
2, 17, 1117
List the prime factors of 811.
811
What are the prime factors of 18018?
2, 3, 7, 11, 13
List the prime factors of 9554.
2, 17, 281
List the prime factors of 1020.
2, 3, 5, 17
What are the prime factors of 109?
109
List the prime factors of 847.
7, 11
What are the prime factors of 1194?
2, 3, 199
What are the prime factors of 411?
3, 137
List the prime factors of 2015.
5, 13, 31
List the prime factors of 55856.
2, 3491
What are the prime factors of 53659?
23, 2333
List the prime factors of 8678.
2, 4339
What are the prime factors of 1460?
2, 5, 73
List the prime factors of 341.
11, 31
What are the prime factors of 1674?
2, 3, 31
What are the prime factors of 2814?
2, 3, 7, 67
List the prime factors of 3706.
2, 17, 109
List the prime factors of 78917.
53, 1489
What are the prime factors of 7270?
2, 5, 727
What are the prime factors of 65498?
2, 32749
List the prime factors of 15557.
47, 331
List the prime factors of 1998.
2, 3, 37
List the prime factors of 1801.
1801
What are the prime factors of 61276?
2, 15319
List the prime factors of 96538.
2, 13, 47, 79
List the prime factors of 2881.
43, 67
What are the prime factors of 2872?
2, 359
What are the prime factors of 406?
2, 7, 29
List the prime factors of 3210.
2, 3, 5, 107
List the prime factors of 38473.
79, 487
What are the prime factors of 20238?
2, 3, 3373
What are the prime factors of 14350?
2, 5, 7, 41
What are the prime factors of 34078?
2, 11, 1549
What are the prime factors of 101829?
3, 7, 13, 373
List the prime factors of 457.
457
List the prime factors of 6565.
5, 13, 101
List the prime factors of 995.
5, 199
List the prime factors of 42040.
2, 5, 1051
What are the prime factors of 27302?
2, 11, 17, 73
List the prime factors of 23827.
23827
List the prime factors of 171.
3, 19
What are the prime factors of 4063?
17, 239
List the prime factors of 409.
409
What are the prime factors of 14333?
11, 1303
List the prime factors of 2417.
2417
List the prime factors of 8563.
8563
List the prime factors of 100322.
2, 103, 487
List the prime factors of 2.
2
What are the prime factors of 1502?
2, 751
What are the prime factors of 23901?
3, 31, 257
List the prime factors of 5981.
5981
List the prime factors of 680.
2, 5, 17
List the prime factors of 19404.
2, 3, 7, 11
What are the prime factors of 734?
2, 367
What are the prime factors of 21781?
23, 947
List the prime factors of 9861.
3, 19, 173
What are the prime factors of 27559?
7, 31, 127
What are the prime factors of 815?
5, 163
What are the prime factors of 1062?
2, 3, 59
List the prime factors of 10.
2, 5
What are the prime factors of 1174?
2, 587
What are the prime factors of 77969?
77969
List the prime factors of 298.
2, 149
List the prime factors of 71761.
71761
What are the prime factors of 1323?
3, 7
List the prime factors of 1767.
3, 19, 31
What are the prime factors of 7382?
2, 3691
What are the prime factors of 14309?
41, 349
What are the prime factors of 410?
2, 5, 41
List the prime factors of 2566.
2, 1283
List the prime factors of 5493.
3, 1831
What are the prime factors of 303?
3, 101
What are the prime factors of 909?
3, 101
What are the prime factors of 1202?
2, 601
List the prime factors of 6518.
2, 3259
What are the prime factors of 26775?
3, 5, 7, 17
What are the prime factors of 1459?
1459
What are the prime factors of 1064?
2, 7, 19
List the prime factors of 246.
2, 3, 41
List the prime factors of 11296.
2, 353
What are the prime factors of 7872?
2, 3, 41
List the prime factors of 1267.
7, 181
What are the prime factors of 11888?
2, 743
List the prime factors of 42278.
2, 21139
List the prime factors of 1853.
17, 109
What are the prime factors of 2327?
13, 179
What are the prime factors of 2489?
19, 131
What are the prime factors of 62998?
2, 13, 2423
What are the prime factors of 88?
2, 11
What are the prime factors of 19530?
2, 3, 5, 7, 31
What are the prime factors of 103543?
11, 9413
What are the prime factors of 1093?
1093
List the prime factors of 11385.
3, 5, 11, 23
What are the prime factors of 633?
3, 211
What are the prime factors of 32579?
32579
What are the prime factors of 9539?
9539
What are the prime factors of 4?
2
What are the prime factors of 254?
2, 127
List the prime factors of 1099.
7, 157
List the prime factors of 52361.
52361
What are the prime factors of 4056?
2, 3, 13
What are the prime factors of 33500?
2, 5, 67
List the prime factors of 175443.
3, 58481
What are the prime factors of 3085?
5, 617
What are the prime factors of 12297?
3, 4099
List the prime factors of 15210.
2, 3, 5, 13
What are the prime factors of 7292?
2, 1823
What are the prime factors of 727?
727
What are the prime factors of 6155?
5, 1231
What are the prime factors of 29535?
3, 5, 11, 179
List the prime factors of 3384.
2, 3, 47
What are the prime factors of 33088?
2, 11, 47
List the prime factors of 4205.
5, 29
What are the prime factors of 6072?
2, 3, 11, 23
What are the prime factors of 173?
173
List the prime factors of 37987.
37987
What are the prime factors of 32462?
2, 16231
List the prime factors of 5111.
19, 269
List the prime factors of 79754.
2, 39877
What are the prime factors of 18692?
2, 4673
What are the prime factors of 580?
2, 5, 29
List the prime factors of 7805.
5, 7, 223
What are the prime factors of 50918?
2, 7, 3637
List the prime factors of 85090.
2, 5, 67, 127
What are the prime factors of 8022?
2, 3, 7, 191
What are the prime factors of 3234?
2, 3, 7, 11
What are the prime factors of 792?
2, 3, 11
List the prime factors of 1553.
1553
List the prime factors of 3249.
3, 19
List the prime factors of 940.
2, 5, 47
What are the prime factors of 882?
2, 3, 7
What are the prime factors of 8152?
2, 1019
List the prime factors of 5000.
2, 5
What are the prime factors of 1906?
2, 953
List the prime factors of 44.
2, 11
List the prime factors of 8212.
2, 2053
What are the prime factors of 3086?
2, 1543
What are the prime factors of 5499?
3, 13, 47
What are the prime factors of 3779?
3779
List the prime factors of 6281.
11, 571
List the prime factors of 964.
2, 241
What are the prime factors of 66?
2, 3, 11
List the prime factors of 3755.
5, 751
List the prime factors of 5200.
2, 5, 13
What are the prime factors of 1771?
7, 11, 23
What are the prime factors of 46932?
2, 3, 3911
What are the prime factors of 15155?
5, 7, 433
List the prime factors of 1566.
2, 3, 29
What are the prime factors of 2626?
2, 13, 101
List the prime factors of 37071.
3, 1373
List the prime factors of 63179.
63179
What are the prime factors of 1656?
2, 3, 23
List the prime fa